 Suppose -94 = 3*q - f. List the prime factors of q.
2, 23
Suppose 15 = n + 2*x, n + 5*x - 20 = 2*x. Let o(k) = 3*k**3 - 5*k**2 + 5*k - 5. What are the prime factors of o(n)?
2, 3, 5
Suppose 4*t + 32 + 16 = 0. What are the prime factors of 10/t - (56298/(-36) - 11)?
2, 787
Let b = 46032 + -20256. What are the prime factors of b?
2, 3, 179
What are the prime factors of (((-6)/(-4))/((-6)/(-4226)))/(429/20592)?
2, 3, 2113
Let k be 2 + -22*(-15)/(-30). Suppose 3*u = 5*z - 68 - 60, 3*z = 4*u + 79. Let n = k + z. List the prime factors of n.
2
Let a(s) = s**2 + 24*s + 15. Let j be a(-20). Let r = j - -71. Let z(t) = 4*t**2 - 5*t + 6. List the prime factors of z(r).
2, 3, 5
Let w be (-15)/(-75) + 2494/5. Suppose -4*t + w = 3*j, 4*j - 5*t = j + 544. List the prime factors of j.
173
Suppose 8*n - 7*n = 6, 5*n = 4*d - 22338. List the prime factors of d.
2, 3, 233
What are the prime factors of 169572/16*(-60)/(-45)?
13, 1087
Suppose 5*d = -3*r - 95, -3*d + d - 54 = -2*r. Let o be (d/(-4) - 4)*1*2. List the prime factors of -1 + ((-532)/(-20) + o)*5.
3, 7
Suppose -4*f = 3*p - 6*f - 18, 15 = -5*f. List the prime factors of (-780)/(-25)*(40/p - 0).
2, 3, 13
Suppose 0 = -y - 3*v + 357, -377 = -16*y + 15*y + 2*v. Suppose -5*j - t = -407 - 185, 4*t + y = 3*j. What are the prime factors of j?
7, 17
Let i(n) = -n**3 - 44*n**2 + 44*n - 51. Let h be i(-45). What are the prime factors of (-1)/(h/(-284))*(1 + -4)?
2, 71
Let c = -12286 + 29825. List the prime factors of c.
17539
Suppose -3*t + 5*u = -2561, -t = -6*t + 2*u + 4243. Suppose -12*m = -11*m - t. Suppose 5*s + 6*f - 3*f = m, 1 = -f. What are the prime factors of s?
2, 5, 17
Let q be (-20553)/429 - 1/11. Suppose -2*s + 38 = -92. Let a = q + s. List the prime factors of a.
17
Let x(o) = -4*o**3 - o**2 - 1. Let m be x(-1). List the prime factors of 857/m - 69/46.
7, 61
Suppose 332 = 2*v - 124. Suppose 0 = s + 5*g - g - v, s = -5*g + 229. List the prime factors of s.
2, 7
Let c(p) be the first derivative of p**4/12 - p**3/6 + 9*p**2/2 + 8*p + 14. Let v(n) be the first derivative of c(n). List the prime factors of v(-10).
7, 17
Let y = -209 - -27884. List the prime factors of y.
3, 5, 41
Suppose v - 4 = 0, 0 = 3*f - 4*v + 239 - 706. Suppose -f*z = -164*z + 516. What are the prime factors of z?
2, 43
Let l = 8 + -7. Let p be ((-30)/24)/(l/(-4)). Let n(o) = 16*o + 9. List the prime factors of n(p).
89
Let n = 75285 + -33529. List the prime factors of n.
2, 11, 13, 73
Let f(k) = 4*k**2 + 4*k - 49. Let m be (2 + 20)*1/(-2). What are the prime factors of f(m)?
17, 23
Let r = 8574 + 15331. What are the prime factors of r?
5, 7, 683
Let m(a) = 12*a**2 - 37*a - 7 - 8 + 31*a + 3. What are the prime factors of m(-3)?
2, 3, 19
Suppose 4*f = 4*n - 29 + 101, 0 = -4*f + 5*n + 74. Let j be (-2*166/8)/(f/(-32)). What are the prime factors of (j + -1)*15/6?
5, 41
Let a(n) = -38*n - 91. Suppose 3*w - c + 35 = -2*c, -w - c - 15 = 0. What are the prime factors of a(w)?
17
List the prime factors of ((-82728)/32)/9*(-12 + 8).
3, 383
Suppose -3*f + 46415 = 4*i - 50405, -4*i + 3*f = -96796. List the prime factors of i.
2, 12101
Let i be 19*(168 - -1 - -2). Suppose -974 + i = 5*j. What are the prime factors of j?
5, 7, 13
Let m(r) = -6*r**3 - 7*r**2 - 20*r - 29. List the prime factors of m(-11).
2, 5, 733
Let l(u) = -2*u**2 + 71*u - 103. Let p be l(34). List the prime factors of 7 - -74*(2 + p).
3
Let r(v) = v**2 + 3*v - 48. Let u be r(6). What are the prime factors of -14862*(-10)/240 + u/8?
2, 5, 31
Let d(p) = 54*p + 15191 - 15207 - 19*p. Let i be 2/3*(9 - 0). List the prime factors of d(i).
2, 97
Let g = -50 - -52. Suppose 4*y - 4 = 5*y - g*r, -5*r = -4*y - 10. Suppose y = 2*l + 4*d - 180, 0 = -0*l + 5*l + 2*d - 410. What are the prime factors of l?
2, 5
Let g(z) = 2*z**3 - 20*z**2 + 14*z - 6. Let a = 1 - -99. Suppose a = 2*q + 8*q. What are the prime factors of g(q)?
2, 67
Let g be 63/4 - 1/(-4). Let y(r) = 3*r**3 - 4*r**2 + 8*r + 3. Let s be y(3). Suppose s = p - g. What are the prime factors of p?
2, 11
Suppose -385*y = -387*y + 5032. List the prime factors of y.
2, 17, 37
Let i(s) = 202*s**2 + 6*s + 10. Let o be i(4). Suppose 610 + o = 34*m. What are the prime factors of m?
2, 3, 19
Let c(b) = 3*b**3 + b - 10. Suppose -11*y = -9*y - 20. Suppose 3*u - y*u + 21 = 0. What are the prime factors of c(u)?
2, 37
Let d(b) = b**2 - 3*b + 5. Let y be d(3). Suppose 2*z + 0*z - 616 = -y*a, 5*a + 656 = 2*z. List the prime factors of z.
2, 3, 53
Suppose 14 = -t - 4*y - 10, 4*t + 3*y = -135. Let z = t - -44. Suppose z*m - 1197 = -285. List the prime factors of m.
2, 3, 19
Suppose 0 = 20*o - 234*o + 445334. List the prime factors of o.
2081
Let s(z) = 18*z + 23. Let q(a) = -5*a - 6. Let j(h) = 18*q(h) + 4*s(h). Let n = -10 - -5. List the prime factors of j(n).
2, 37
Let x(z) = -z**3 + 13*z**2 + 7*z + 30. Let k be x(13). Suppose -o = 4*a + o - 178, 0 = -3*a + o + k. What are the prime factors of a?
2, 3, 7
Let k(c) = -c - 2. Let i be k(-7). Suppose -42 = -i*r - 4*f + 43, 3*f - 15 = 0. Let o(d) = -d**3 + 12*d**2 + 16*d - 1. List the prime factors of o(r).
2, 19
Let b(c) = -2*c + c + 0*c + 5 - c**3 + 3*c**2 + 6*c**2. Let w be b(4). List the prime factors of -5 + w + (3 - 7).
2, 3
Suppose 0 = 3*k - 5*m, -m + 14 = k + 2*m. What are the prime factors of (1 - 2)/(2319/464 - k)?
2, 29
Let p be 52/78*(418/4 + -1). Suppose -p*v = -63*v - 3462. List the prime factors of v.
577
Let a = 8013 - 1936. What are the prime factors of a?
59, 103
List the prime factors of (-4*6/8)/(6/(-13936)).
2, 13, 67
Let k(h) = 106 + h**3 + 99 + 18*h**2 - 15*h - 154. List the prime factors of k(-18).
3, 107
Suppose -5*r + 4*h + 80 = 0, 3*h - 80 = 54*r - 59*r. Let l(q) = 48*q + 78. List the prime factors of l(r).
2, 3, 47
List the prime factors of 1305/6*(4/30 - (-408)/15).
5, 29, 41
List the prime factors of (4767/90 + (-9)/30)/((-6)/(-927)).
79, 103
Suppose 0 = f + 3*n - 10 - 9, -n + 21 = 4*f. List the prime factors of 598/f + 42/(-12) + 3.
149
Let a be (-8)/(-44) + 16272/44. Let h = a + -244. Suppose b - h = -b. What are the prime factors of b?
3, 7
Let b = -58 - -51. Let h = -2 - b. Suppose 11*d = h*d + 642. List the prime factors of d.
107
Let t be (2*-14)/((-16)/(-440)). Let j = t - -2000. What are the prime factors of ((-2)/4)/((-5)/j)?
3, 41
Suppose g = -1, 25*g = -w + 21*g + 50377. What are the prime factors of w?
83, 607
Suppose 165*z - 335911 + 50307 = 364001. List the prime factors of z.
31, 127
Let i be ((-6354)/(-45) + -4)*(-10)/(-4). Let z = 726 - i. List the prime factors of z.
383
Let p(h) = 35*h**3 - 77*h**2 + 57*h + 42. Let i(d) = -13*d**3 + 26*d**2 - 19*d - 14. Let z(c) = -8*i(c) - 3*p(c). List the prime factors of z(21).
7, 67
Let o(m) = -12*m + 86 - 42 - 6*m + 84 - 29*m. What are the prime factors of o(-12)?
2, 173
Suppose 55092 - 15536 = 29*y. Let u = 2157 - y. List the prime factors of u.
13, 61
Let f be ((-3)/3)/(-2 - -3). List the prime factors of (5/(-4) - f) + (-9023)/(-28).
2, 7, 23
Let f(j) = 211*j - 223*j + 13 - 58. Let m be f(-4). What are the prime factors of (30 - m) + (-7 - (0 + -4))?
2, 3
Let v(s) = 115*s - 108. Let a be v(27). Suppose 4*i + 16 = 0, 5*o + 3*i - a = 911. List the prime factors of o.
2, 7
Suppose -2*i + i - 57 = k, -54 = i + 2*k. Let p = -58 - i. Suppose 4*w - 521 = -v, -p*v = -v - 1. List the prime factors of w.
2, 5, 13
List the prime factors of ((-3)/(-1))/(51/21403).
1259
Let r = 16753 - 11966. List the prime factors of r.
4787
Let s = -447 - -832. Let q = s + -50. List the prime factors of q.
5, 67
Suppose -4*f + 2*a - 5 = -5*f, 0 = -2*f - 3*a + 11. What are the prime factors of (-5 + f)/(-1) + 51?
7
Suppose -4*l + 171760 = 12*u, -u = -2*l - 6691 - 7606. List the prime factors of u.
11, 1301
Let y(b) = b**3 + 3*b**2 - 3*b - 4. Suppose -5*q + 3 = -6*q. Let l be y(q). List the prime factors of (-31 + l + -3)/((-2)/2).
29
Suppose 659 + 190 = 3*n. Suppose -3*h + 5152 - n = 0. What are the prime factors of h?
3, 541
Let z be (-2)/(-4)*(88 - -6). Suppose 4*q + f - 73 = 0, -3*q - f + 7 = -z. Let l = 49 + q. What are the prime factors of l?
2, 17
Let z = 6 + 0. Suppose -2*n - 4*x = 140, 25 = -z*x + x. Let v = -8 - n. What are the prime factors of v?
2, 13
What are the prime factors of 1*119390/66 + (-128)/(-2112)?
3, 67
Let l